{"id":791,"date":"2020-04-09T21:58:45","date_gmt":"2020-04-10T00:58:45","guid":{"rendered":"https:\/\/issanjorge-sgo.infd.edu.ar\/sitio\/?page_id=791"},"modified":"2020-04-09T22:34:40","modified_gmt":"2020-04-10T01:34:40","slug":"nuestra-historia","status":"publish","type":"page","link":"https:\/\/issanjorge-sgo.infd.edu.ar\/sitio\/nuestra-historia\/","title":{"rendered":"Nuestra Historia"},"content":{"rendered":"<p>En 1997, el Instituto de Ense\u00f1anza San Jorge, que ya contaba con Nivel Inicial, Primaria y Secundaria, \u00a0incorpora a la oferta educativa el Nivel Superior, con un perfil de formaci\u00f3n t\u00e9cnica y de capacitaci\u00f3n laboral., como una posibilidad para que los egresados del Nivel Medio y de otros establecimientos escolares, puedan formarse como profesionales en diferentes \u00e1reas para satisfacer las necesidades provinciales.<\/p>\n<p>Las carreras que se ofrecieron en un principio fueron de corta duraci\u00f3n:<\/p>\n<ul>\n<li>*T\u00e9cnico Superior en Administraci\u00f3n.<\/li>\n<li>*T\u00e9cnico en Control y Comercializaci\u00f3n de Alimentos.<\/li>\n<li>T\u00e9cnico Legislativo.<\/li>\n<\/ul>\n<p>Los alumnos inscriptos permitieron abrir s\u00f3lo una de las carreras, T\u00e9cnico Superior en Administraci\u00f3n, oferta que contin\u00faa en la actualidad. Los que iniciaron las clases fueron 12 y en la actualidad asisten aproximadamente 1200 en las cinco carreras existentes.<\/p>\n<p>En el a\u00f1o 1998 se abri\u00f3 la carrera de T\u00e9cnico Legislativo. En 1999 se abre la Tecnicatura en Dise\u00f1o Gr\u00e1fico y Publicitario (transferencia del Instituto Galileo Galilei), carrera que a partir de 2000 se denominar\u00e1 -hasta el d\u00eda de hoy- Tecnicatura en Dise\u00f1o Gr\u00e1fico. Este cambio se produjo luego de un trabajo de articulaci\u00f3n con la Universidad Santo Tom\u00e1s de Aquino de la Provincia de Tucum\u00e1n. En el 2003 se abri\u00f3 la Tecnicatura en Gastronom\u00eda. En el 2006 dio inicio el Profesorado de Educaci\u00f3n F\u00edsica, en el 2010 el Profesorado en Educaci\u00f3n Inicial y en el 2012 el Profesorado en Educaci\u00f3n Primaria.<\/p>\n<p>Desde la creaci\u00f3n de este nivel educativo se firmaron convenios marcos de asistencia rec\u00edproca con la Universidad Nacional de Santiago del Estero (lo que permiti\u00f3 la concreci\u00f3n de los Congresos Provinciales Escolares de Ecolog\u00eda), la Universidad Nacional de Tucum\u00e1n (para el dictado de la Lic. en Educaci\u00f3n F\u00edsica) y la Universidad Nacional de Cuyo (para el dictado de la Lic. En Dise\u00f1o Gr\u00e1fico). Adem\u00e1s con la Municipalidad de la Ciudad Capital, El Concejo Deliberante de la Ciudad de la Banda, la Honorable C\u00e1mara de Diputados de la Provincia, con la Sociedad Argentina de Geriatr\u00eda y Gerontolog\u00eda, entre otros.<\/p>\n","protected":false},"excerpt":{"rendered":"<p>En 1997, el Instituto de Ense\u00f1anza San Jorge, que ya contaba con Nivel Inicial, Primaria y Secundaria, \u00a0incorpora a la oferta educativa el Nivel Superior, con un perfil de formaci\u00f3n t\u00e9cnica y de capacitaci\u00f3n laboral., como una posibilidad para que los egresados del Nivel Medio y de otros establecimientos escolares, puedan formarse como profesionales en &#8230; <a title=\"Nuestra Historia\" class=\"read-more\" href=\"https:\/\/issanjorge-sgo.infd.edu.ar\/sitio\/nuestra-historia\/\" aria-label=\"More on Nuestra Historia\">[+]<\/a><\/p>\n","protected":false},"author":11,"featured_media":0,"parent":0,"menu_order":0,"comment_status":"closed","ping_status":"closed","template":"","meta":[],"acf":[],"_links":{"self":[{"href":"https:\/\/issanjorge-sgo.infd.edu.ar\/sitio\/wp-json\/wp\/v2\/pages\/791"}],"collection":[{"href":"https:\/\/issanjorge-sgo.infd.edu.ar\/sitio\/wp-json\/wp\/v2\/pages"}],"about":[{"href":"https:\/\/issanjorge-sgo.infd.edu.ar\/sitio\/wp-json\/wp\/v2\/types\/page"}],"author":[{"embeddable":true,"href":"https:\/\/issanjorge-sgo.infd.edu.ar\/sitio\/wp-json\/wp\/v2\/users\/11"}],"replies":[{"embeddable":true,"href":"https:\/\/issanjorge-sgo.infd.edu.ar\/sitio\/wp-json\/wp\/v2\/comments?post=791"}],"version-history":[{"count":4,"href":"https:\/\/issanjorge-sgo.infd.edu.ar\/sitio\/wp-json\/wp\/v2\/pages\/791\/revisions"}],"predecessor-version":[{"id":802,"href":"https:\/\/issanjorge-sgo.infd.edu.ar\/sitio\/wp-json\/wp\/v2\/pages\/791\/revisions\/802"}],"wp:attachment":[{"href":"https:\/\/issanjorge-sgo.infd.edu.ar\/sitio\/wp-json\/wp\/v2\/media?parent=791"}],"curies":[{"name":"wp","href":"https:\/\/api.w.org\/{rel}","templated":true}]}}